6*h**2 - 1. Let f be a(5). Suppose f*r = 22*r + 94. Calculate the remainder when r is divided by z(3).
15
Let d(x) = -5*x - 54. What is the remainder when d(-21) is divided by 16?
3
Let x(g) = g**2 + 8*g - 7. Calculate the remainder when x(-12) is divided by 14.
13
Suppose 2*u + 0 = -2. Let n be (-1)/((0 + u)*1). What is the remainder when 35 is divided by (12/10)/(n/10)?
11
Let y(m) = -m + 1. Let s be y(-1). Suppose -u - s*u = 3*j - 18, j = 0. Calculate the remainder when 9 is divided by u.
3
Let x(c) = -c**2 - 13*c + 34. Calculate the remainder when 14 is divided by x(-15).
2
Let t = -42 - -50. What is the remainder when 62 is divided by t?
6
Suppose f - 28 = 292. Suppose -2*b + 0*b + f = 0. Suppose -6*j + 2*j = -b. What is the remainder when j is divided by 14?
12
Suppose 0 = 4*a + 3*v - 21, v = -4*a - 3*v + 24. What is the remainder when 51 is divided by (-26)/3*a/(-2)?
12
Let x = 18 + 36. What is the remainder when x is divided by 19?
16
Let n be -2 + 1/(1/8). Suppose -n*f + 25 = -f. Suppose p - 9 = 4. What is the remainder when p is divided by f?
3
Let g = -6 - -18. Suppose 29 = 5*u + 9, -f + 2*u = -37. Calculate the remainder when f is divided by g.
9
Let k(a) be the second derivative of 1/20*a**5 + 0 + 11/2*a**2 + 11/6*a**3 + 2*a + a**4. What is the remainder when k(-11) is divided by 4?
3
Suppose d = -4*d + 30. Let c(k) be the first derivative of k**4/4 + 2*k**3 + k**2/2 - 4*k + 5. Calculate the remainder when c(-5) is divided by d.
4
Suppose 3*p - 2*p - 5*o - 24 = 0, 0 = -p - 5*o - 16. Let q be (-3)/5 + (-68)/20. Let z = q + 18. Calculate the remainder when z is divided by p.
2
Let x(v) be the first derivative of 4*v**2 + 2. Let j be x(-6). Let o = -23 - j. Calculate the remainder when o is divided by 9.
7
Let c = 90 + -87. What is the remainder when 8 is divided by c?
2
Let i(s) = 9*s**2 + 2*s. Let k be (2 - 0) + -1 - -1. What is the remainder when i(k) is divided by 14?
12
Suppose b = -b + k + 47, 101 = 5*b + 3*k. Suppose 45 = 2*c + 3*c - 5*h, 2*c + h - 27 = 0. Calculate the remainder when b is divided by c.
10
Let i = -4 - -9. Suppose 4*x - 4*l - 12 = 0, -x + 5*l = -0*x - 7. Calculate the remainder when i is divided by x.
1
Let p = -41 + 50. What is the remainder when p is divided by 2?
1
Let n be 0 + 15 - 5/(-5). Let l = n - -44. Suppose l = 5*k - 3*s, -4*s = -3*k - 3*s + 36. Calculate the remainder when 35 is divided by k.
11
Let q(n) = -2*n + 14*n + 1 - 5 - 6. Calculate the remainder when q(4) is divided by 21.
17
Suppose -2*p - 4 = -0, -5*m + 67 = -p. Suppose -3*w - 4*a = -79, 5*w + 3*a = -a + 137. Let i = w - m. Calculate the remainder when 63 is divided by i.
15
Suppose -7*h = -2*h + 45. Let x = h - -15. Calculate the remainder when (-79)/(-7) + (-6)/21 is divided by x.
5
Suppose -q = 4*q - 40. Let w = q - -3. Suppose -z = -0*z - w. What is the remainder when 41 is divided by z?
8
Let w(h) = -h**3 - h**2 + 4*h + 3. Let g(b) = -4*b**3 - 5*b**2 + 16*b + 12. Let l(i) = -2*g(i) + 9*w(i). Calculate the remainder when l(-4) is divided by 23.
21
Suppose -2*b + 16 = 2*b. Let w be (-75)/3*(-12)/10. Suppose 0 = -l - 2*l + w. What is the remainder when l is divided by b?
2
Suppose 0 = -4*v - 3*s + 31, 5*s = -3*v + 3*s + 24. Let d be 2/v - (-176)/20. Suppose -51 - d = -5*g. Calculate the remainder when 45 is divided by g.
9
Let z = 15 + -21. Let n(a) = -a + 7. What is the remainder when 4/(-6)*9/z is divided by n(6)?
0
Suppose -z - 4 = 2*z + 5*o, -o + 16 = -5*z. Let w(j) = -2*j**3 - 3*j**2 - j - 2. What is the remainder when w(z) is divided by 10?
8
Suppose 225 = 3*d - 3*r + 6*r, -5 = r. What is the remainder when d is divided by 28?
24
Suppose 4*r - 3*p = 9, 32 = 2*r + p + 3*p. What is the remainder when 17 is divided by r?
5
Suppose 0 = 2*v + 38 - 112. Suppose -4*b + c + 75 = 0, -3*b + 3*c - 2*c = -56. Calculate the remainder when v is divided by b.
18
Suppose -a = -9 - 1. What is the remainder when 22 is divided by 5/25 - (-58)/a?
4
Let a be -1*2 - (1 + -33). Suppose n = -a + 65. What is the remainder when n is divided by 9?
8
Let r(n) = n**3 + 11*n**2 + n + 7. Let h be r(-11). What is the remainder when (-38)/((h/3)/4) is divided by 29?
27
Let m = -128 - -150. Let i = 11 + -5. What is the remainder when m is divided by i?
4
Suppose 210 = -0*u + 7*u. What is the remainder when 57 is divided by u?
27
Suppose 2*h = -4*o + 2, -5*h + 33 = -4*o - 0*o. Let n be (-72)/(-20)*h/2. Suppose -4*f + f = -n. Calculate the remainder when f is divided by 2.
1
Calculate the remainder when 3941/119 - (-4)/(-34) is divided by 17.
16
What is the remainder when 83 is divided by ((-9)/9)/(1/(-21))?
20
Let m = -24 - -118. Calculate the remainder when m is divided by 14.
10
Suppose 5*q + 4*x = 40, q + q - x - 29 = 0. Calculate the remainder when q is divided by 4.
0
Suppose -n - 135 = -5*h - 50, -2*n = -4*h + 62. Let u(c) = 5*c - 6. Let t be u(5). Suppose 0 = 4*j - 21 - t. What is the remainder when h is divided by j?
8
Suppose 2*t + 30 = t - 3*n, -126 = 5*t + 3*n. Let i = t + 47. Calculate the remainder when i is divided by 6.
5
Suppose -4*t + 68 = -64. What is the remainder when t is divided by 9?
6
Suppose 2*c + 2*o = 9 + 3, -2*o = -4*c + 6. Suppose -f = -4, -c*t - 2*f = -0*f - 14. What is the remainder when 3 is divided by t?
1
Let l(p) = 3*p**2 + 3*p**2 + 2*p**2 + p**3 - 2 + 3*p. Calculate the remainder when 103 is divided by l(-7).
25
Let h = 0 - 0. Suppose j = -h + 3. What is the remainder when 4 is divided by j?
1
Let l(w) = -4*w - 5. What is the remainder when 13 is divided by l(-2)?
1
Let s(b) = 4*b + 2*b**2 + 3 - 2 - 5. Calculate the remainder when 34 is divided by s(-4).
10
Let f = 26 + -18. Suppose -f*t = -5*t - 141. Calculate the remainder when t is divided by 12.
11
Let a = -19 + 57. Let j = a - 23. Calculate the remainder when 42 is divided by j.
12
Suppose -41 = -2*i + 61. Calculate the remainder when i is divided by 27.
24
What is the remainder when (-4 - 65)*(0 - 3) is divided by 53?
48
Suppose 0 = -5*y - 10, -s = 5*y - 2 + 1. What is the remainder when 41 is divided by s?
8
Let i = 15 + -11. Suppose -22 = -3*p - i. Calculate the remainder when p is divided by 2.
0
Let k(j) = -8*j. Let x be k(2). Let p = x + 65. What is the remainder when p is divided by 34*-2*1/(-4)?
15
Suppose 12 = 6*z - 2*z. What is the remainder when 10 is divided by z?
1
Let p(s) = -2*s. Let l be p(-2). Suppose -l*k = k - 75. What is the remainder when 43 is divided by k?
13
Suppose -k = -3*k. Suppose -w - 3*w + 84 = k. Let f = 154 + -142. What is the remainder when w is divided by f?
9
Let b = -277 + 622. Suppose 7*s - b = 2*s. Calculate the remainder when s is divided by 12.
9
Suppose -3*x - 5*m + 125 = 0, m - 1 = 3. Calculate the remainder when 69 is divided by x.
34
Suppose -3*p + 2*k = 32, 3*p + 2*k = 6*k - 40. Let l(t) = t + 7. Let y be l(p). Let w(c) = -68*c - 1. What is the remainder when w(y) is divided by 23?
21
Suppose -6*k + r = -2*k - 136, 2*r = 3*k - 107. Let n = k - 19. Let z = -38 + 64. Calculate the remainder when z is divided by n.
12
Suppose 2*t - 94 = -4*z, z + 24 = -2*t + 118. Calculate the remainder when t is divided by 19.
9
Suppose -5*x + 3*n + 223 = 0, -2*x + 4*n - 56 = -148. What is the remainder when x is divided by 8?
4
Suppose 0*v + v = -3*b + 21, 5*v - 20 = 2*b. Calculate the remainder when 3 is divided by 3/18 + 5/v.
0
Suppose -5*a + 1086 = -3*i, a + 5*i + 423 = 3*a. Suppose -3*f + a = 3*u, 0 = 6*u - u - 4*f - 392. Calculate the remainder when (-2*1)/((-4)/u) is divided by 13.
12
Let k = 3 - 1. Suppose m - k - 3 = 0. Calculate the remainder when 9 is divided by m.
4
Let y = 31 + -17. Let c(h) = -2*h - 6. Let m be c(-5). Suppose 3*r + 2*q = 8*r - 135, -m*r = 5*q - 108. Calculate the remainder when r is divided by y.
13
Suppose -284 = -4*p - 20. What is the remainder when p is divided by 34?
32
Let k(y) = 2*y + 8 + y - 2*y. Let p be k(0). Let i(u) = u**2 - 9*u + 12. Calculate the remainder when 10 is divided by i(p).
2
Let y(m) = m**3 - 5*m**2 - 6*m + 20. What is the remainder when y(7) is divided by 13?
11
Let f(i) be the second derivative of 2*i**3/3 + 5*i**2/2 - i. Let w be f(-4). Let z = w + 18. Calculate the remainder when 12 is divided by z.
5
Let l be ((-112)/40)/((-2)/50). Suppose l = 7*m - 2*m. What is the remainder when 40 